**3 - 2*w**2 + 1. Determine j(u).
-11
Let s(h) = -468 - 4*h + 476 + 3*h. Calculate s(-8).
16
Suppose -3*k + 3*l + 34 = -2*l, -14 = 2*k + 4*l. Let u(m) = 3 - 7 - 2*m**2 - 2*m + k. Give u(-1).
-1
Let r(x) be the second derivative of -x**6/144 - x**5/40 - 23*x**4/12 + 31*x. Let g(y) be the third derivative of r(y). Calculate g(3).
-18
Let x be (2 + 3)*2/(-5). Let g(t) = 2*t**2 + 6594*t + t**2 - 6593*t. Give g(x).
10
Let c = -195 + 196. Let q(u) be the first derivative of -7/2*u**2 - c - 1/3*u**3 - 6*u. Determine q(-5).
4
Let k be (1/(-2))/((-2)/4). Let z(a) be the second derivative of -3*a**3/2 - 4962*a. Give z(k).
-9
Let z(p) = 7 + 0*p**2 - 5*p**2 + 4*p**2 + 0*p**2 + p**3. Calculate z(0).
7
Let y(m) = -m + 8. Let k be y(8). Suppose 0 = 3*q - k*q - 3. Let w(d) = -2*d + 5*d**2 - 3 - q - 9*d**2 + 5*d**2. What is w(4)?
4
Let z(o) = -o**3 + o**2 - o - 1. Let g(s) = 4*s**3 - 2*s - 1. Let i be g(-1). Let d(k) = k**3 - k**2 + 2*k + 1. Let y(v) = i*d(v) - 4*z(v). Determine y(2).
1
Let h = 41 + -36. Let y(n) be the third derivative of 0 + 3*n**2 - 1/3*n**4 + 1/60*n**5 + 0*n + 0*n**3. What is y(h)?
-15
Suppose 3*l = 5*z - 8 - 23, 2*l + z = 1. Let i(p) = p**3 + 4*p**2 + 4*p - 1. Give i(l).
-1
Let j(r) be the second derivative of -5*r**4/12 + r**2/2 + 5*r - 1. Let n = -23 + 24. Give j(n).
-4
Let q(r) be the second derivative of r**4/12 - r**3/6 + r**2/2 + 2*r. Let h be q(3). Let b(w) = 2*w - 4. Calculate b(h).
10
Suppose 4*a - 7 = b, 5*a - b = -6*b + 15. Let g(d) = 6 - 4*d + d**2 - a - 2. Suppose 0 = 2*r - h - 14, 13*r - 4*h = 18*r - 9. Determine g(r).
7
Let m(p) = 153*p**2 - 17*p - 5*p**3 + 21*p - 150*p**2 + 1. Determine m(-1).
5
Let i(d) be the second derivative of d**4/12 - 4*d**3/3 - 33*d**2 - 48*d. Let c(k) be the first derivative of i(k). Let o be ((-2)/(-3))/(1/9). Give c(o).
4
Let t(g) = -10 - g**2 + 1 - 3*g + 4. What is t(-2)?
-3
Let t(z) = z**3 + z. Let s be t(1). Let o(a) = -8*a**2 + 8 - 20*a + 12*a + 9*a**s. What is o(7)?
1
Let c be 0*4*1/8. Let d = c + 0. Let k(n) = -11*n + 8*n + 6 + 4*n. Give k(d).
6
Let f = -37 + 61. Let l be 26 + -2 - 9/3. Let i = l - f. Let h(a) = a**2 + 3*a + 1. What is h(i)?
1
Let p(i) be the first derivative of -3*i**2 + 2/3*i**3 + 1/24*i**4 + 4 + 0*i. Let s(z) be the second derivative of p(z). What is s(-6)?
-2
Suppose 17*s - 98 = 31*s. Let n(h) = -1 + 2 + h**3 - 6 + 6*h**2 - 8*h + 0. Determine n(s).
2
Let q(h) = 7*h - 8. Let j(o) = 13*o - 14. Let v(l) = 6*j(l) - 11*q(l). Determine v(-4).
0
Let c(i) = -6*i + 3. Let s(y) = 13*y - 5. Let m(f) = -9*c(f) - 4*s(f). Suppose 149*n = 159*n - 50. Determine m(n).
3
Let u(a) = 7*a**3 + 4*a**2 - 3*a + 5. Let d(w) = 4*w**3 + 3*w**2 - 2*w + 3. Let r(i) = -5*d(i) + 3*u(i). What is r(2)?
-2
Let t = -27 - -27. Suppose 3*c - 32 = 4*l, t*c + 13 = 2*c - l. Suppose -20 = -0*r - c*r. Let n(b) = -b**2 + 5*b - 5. Calculate n(r).
-5
Let t(a) = -4*a + 6. Let l(n) = -5*n + 30. Let g be l(5). Suppose g*r + 0*r - 27 = -d, -4 = -2*d. Determine t(r).
-14
Suppose 5*g + s + 4*s - 40 = 0, 4*g + 5*s = 34. Let m be 3 + (-1)/((-3)/g). Let h(l) = l**3 - 5*l**2 + 3*l - 2. Determine h(m).
13
Let c(z) = -14*z**2 - 37*z - 44. Let s(l) = 5*l**2 + 12*l + 14. Let w(d) = -4*c(d) - 11*s(d). What is w(-15)?
7
Let o(h) = -h**2 - 12*h - 18. Let u be o(-10). Suppose 0*j - 8 = u*j. Let b(p) = -p**3 - 5*p**2 - 3*p - 2. What is b(j)?
-6
Let u(k) = -10*k - 8. Let q(c) be the first derivative of c**2/2 + c + 1. Suppose -7*t + 59 = -67. Let g(o) = t*q(o) + 2*u(o). Calculate g(2).
-2
Let l = 22 + -28. Let g = l + 10. Let y(r) be the first derivative of -r**2 - r + 1. What is y(g)?
-9
Let h = 21 + -21. Suppose 4*y + 4*i - 8 = -h*y, 10 = y - 3*i. Let a(z) = -z**3 + 4*z**2 + z + 1. Give a(y).
5
Suppose 29 = 5*u + 2*y, -10 = -6*y + y. Suppose 0*s + 5*s - u = 0. Let h(d) = d - 1. Determine h(s).
0
Let f be (-1*1)/(8/40). Let b be -10 + 10 + (-8)/(-2). Let k(u) = 10 - 2 - 5 + b*u. Determine k(f).
-17
Let j(d) = -d**3 - 2*d**2 - 2*d - 1. Let p = 3 + -5. Let y be j(p). Let c(x) = 3 + 2*x**3 + 0*x**y - 2 - x + 6*x**3 + x**2. Calculate c(1).
9
Let f(n) = -n**3 + 10*n**2 - 9*n + 2. Let q be f(9). Let b(v) be the first derivative of -2*v**3/3 - 2*v**2 + 3*v + 2. Determine b(q).
-13
Let d(z) = -15*z + 162. Let a be d(11). Let j = 6 + -5. Let v(t) = -6*t**3 + j + 3 - 4*t**2 + 5*t**3. Calculate v(a).
-5
Let k(t) be the third derivative of t**5/60 - t**4/8 + t**3/6 - 68*t**2. Let g = 33 - 29. Determine k(g).
5
Let p(v) = v**3 - v**2 + 8*v**2 - 4*v**2 - 2*v**2 - 1. Suppose l = 2*l - 2. Let g(r) = -r**3 - 7*r**2 + 2*r + 8. Let c(b) = l*p(b) + g(b). Determine c(5).
16
Let m(f) = -f**3 + 3*f**2 + 5*f + 2. Let n(j) = 3*j**2 - 3 - 4*j + 2*j**3 + 6 - 3*j**3. Let x be n(2). Let a = 3 - x. What is m(a)?
6
Let w(v) = -v + 3. Suppose 0 = 2*t - 5*t + 24. Suppose -t*o = -3*o + 65. Let l = -10 - o. Give w(l).
0
Let a(u) be the third derivative of u**6/120 - 2*u**5/15 + u**4/8 + 4*u**3/3 + 200*u**2 - 7*u. Suppose 32 = 4*p - 2*g, 2*g + g - 8 = -2*p. What is a(p)?
-20
Let f(u) = u**2 - u - 4. Let x(c) = -2*c**2 + 2*c + 3. Let q(j) = f(j) + x(j). Determine q(2).
-3
Let r = 42 - 40. Let g(c) = 0 - 2 + c - r + 5*c. What is g(3)?
14
Let q(a) be the third derivative of a**6/120 + a**5/10 + a**4/4 - a**3/2 + 18*a**2 + 2*a. Calculate q(-5).
-8
Let y be 36/(-8) - (10/4 - 2). Let g(j) = -2*j**2 - 11*j - 6. What is g(y)?
-1
Let z be (-3)/(-5) + (-7)/(-5). Let j(i) = -5 + 0*i**2 + i**z - 2*i + 3. Give j(3).
1
Let l(g) = g**2 + g + 1. Let q = 461 - 462. Give l(q).
1
Let b(p) = p**3 + 2*p**2 + p + 1. Let x be 19/(-6) - ((-35)/42)/5. What is b(x)?
-11
Let o be 0 - (-1 + 0 + -1). Let h(s) = 2 + o*s - 7 + 6. Determine h(-2).
-3
Suppose -8 + 53 = -5*l. Let k be (1 + -2)*(l + 5 - -1). Let v(f) = f**3 - 3*f**2 - 2*f + 2. Give v(k).
-4
Let s(x) = x**3 - x**2 - x - 2. Let d be (-4)/(-3)*39/26. Suppose -r = d*r. Give s(r).
-2
Let b(k) be the first derivative of k**3/3 + 3*k**2/2 - 3*k + 1. Let w(c) = -c**3 - 5*c**2 + 16*c + 61. Let n be w(-3). Determine b(n).
7
Let a(w) = w**3 - 5*w**2 + 5*w - 5. Let v = 4 - 14. Let i(o) = -o. Let n(k) = 4*k + 6. Let z(g) = -3*i(g) - n(g). Let h be z(v). What is a(h)?
-1
Let y(t) = t**3 - t**2 - t + 6. Let q = -2 + 6. Suppose -3*h + 2*k + 25 = 0, -5*h = -q*h + 2*k - 3. Suppose -h*d + 8*d = 0. Give y(d).
6
Let s(b) be the first derivative of -b**6/120 - b**5/5 - 5*b**4/12 + 13*b**3/6 - 5*b**2/2 + 10. Let x(u) be the second derivative of s(u). Determine x(-11).
2
Let l(g) = 2 + 3 + 0 + 14*g - 15. What is l(1)?
4
Let m(d) be the second derivative of 0 - 1/20*d**5 + 1/3*d**3 + 1/3*d**4 + 12*d - 2*d**2. Suppose -4*h + 17 = 5, 0 = -5*n + 5*h. Determine m(n).
11
Let i be 0 + -2 + 2 - 6. Let a(x) = -4*x - 1. Let v(n) = 2*n - 1. Let p(g) = a(g) + v(g). Determine p(i).
10
Let b(g) = g + 6. Let h be -9 + -1 + 8/(-4). Let a = h - -14. Suppose -3*v - a*v = 35. What is b(v)?
-1
Let r(h) = -h**2 + 3*h + 9. Let f(t) = 5*t + 7 + 0*t - 4*t. Let g be f(0). Determine r(g).
-19
Let n(p) = 3*p. Let v(q) = -q**2 + 6*q - 1. Let g be v(6). Suppose -2*f - 6*o - 3 = -7*o, 5*f = -o + 10. Let y = f - g. What is n(y)?
6
Suppose -4*d + 16 = x, -3*x - 2*x - 5*d = -20. Let a(z) be the second derivative of z**5/20 - z**3/6 + 11*z**2/2 + 1781*z. Give a(x).
11
Let h(s) = -s + 2. Let n = -58 - -61. Suppose -n*y - 6 + 27 = 5*j, -24 = -5*j - 2*y. Give h(j).
-4
Let o be (3 - 0) + 0 + 0. Let c be 2/o + (-8)/3. Let d(z) = 0 - 1 + z + 0*z + z. Give d(c).
-5
Let u(b) = -2*b - 1. Let v be u(-2). Suppose 6 = 5*d - 3*d. Let s(c) = 2*c + 3 - d*c - 2*c. Determine s(v).
-6
Let p(i) = -i**3 - 4*i + 1. Let q(w) = 2*w**3 - 2*w**2 + 8*w - 2. Let s(b) = -5*p(b) - 3*q(b). What is s(5)?
6
Let f = 9 + -6. Let d(l) = -l**3 + l**2 - 2. Calculate d(f).
-20
Let x(f) = -6*f**2 + 9*f - 7. Let j(t) = -3*t**2 + 4*t - 3. Let r(c) = -8*c**2 - c. Let k be r(-1). Let w(n) = k*j(n) + 3*x(n). What is w(1)?
2
Let r = -34 - -37. Suppose x + r*x = -z + 5, 4*x = 8. Let q(k) = 6*k - 3. Determine q(z).
-21
Suppose -y = -4*y - 2*t - 14, -3*y = 3*t + 12. Let q(c) = 8*c**2 + 16*c + 12. Let j(k) = 15*k**2 + 31*k + 23. Let h(s) = -6*j(s) + 11*q(s). Calculate h(y).
-18
Let a(f) = f**2 - 3*f - 2. Let n = 5 - 3. Let x be a(n). Let c(h) be the first derivative of h**4/4 + h**3 - 5*h**2/2 - 2*h + 532. Calculate c(x).
2
Let q(p) =